{"id":17,"date":"2016-09-14T23:55:48","date_gmt":"2016-09-14T21:55:48","guid":{"rendered":"http:\/\/cozinox.com\/?page_id=17"},"modified":"2025-02-28T13:53:51","modified_gmt":"2025-02-28T12:53:51","slug":"minilaiterie","status":"publish","type":"page","link":"https:\/\/cozinox.com\/index.php\/fr\/minilaiterie\/","title":{"rendered":"Mini-laiterie"},"content":{"rendered":"<p><strong>COZINOX<\/strong> est depuis plus de 20 ans le partenaire des producteurs laitiers d\u00e9sireux de transformer leur lait \u00e0 la ferme (<strong>lait pasteuris\u00e9<\/strong> en vrac ou en bouteille, cr\u00e8me, beurre, yaourts, fromages frais, entremets) dans une d\u00e9marche de <strong>vente directe<\/strong> en <strong>circuit court<\/strong> (GMS de proximit\u00e9, artisanat agro-alimentaire, collectivit\u00e9s).<\/p>\n<p>COZINOX accompagne ses clients depuis l&rsquo;id\u00e9e de d\u00e9part jusqu&rsquo;au d\u00e9marrage de la fabrication et assure le S.A.V.<\/p>\n<p>Les pasteurisateurs COZINOX sont \u00e9galement adaptables pour des jus de fruits ou bien de l\u00e9gumes.<\/p>\n<p>&nbsp;<\/p>\n<p>Mat\u00e9riels propos\u00e9s pour la cr\u00e9ation d&rsquo;une <strong>mini-laiterie<\/strong> :<\/p>\n<ul>\n<li>Unit\u00e9s de pasteurisation de 300 \u00e0 5000 l\/h (lait, cr\u00e8me, jus de fruit, mix glace)<\/li>\n<\/ul>\n<p style=\"padding-left: 60px;\"><img loading=\"lazy\" decoding=\"async\" class=\"alignnone wp-image-20 size-full\" src=\"https:\/\/cozinox.com\/wp-content\/uploads\/2016\/09\/pasto1.jpg\" alt=\"pasto1\" width=\"612\" height=\"365\" srcset=\"https:\/\/cozinox.com\/wp-content\/uploads\/2016\/09\/pasto1.jpg 612w, https:\/\/cozinox.com\/wp-content\/uploads\/2016\/09\/pasto1-300x179.jpg 300w\" sizes=\"auto, (max-width: 612px) 100vw, 612px\" \/><\/p>\n<ul>\n<li>Cuves de pasteurisation 50 \u00e0 800 litres (yaourts, fromages)<\/li>\n<\/ul>\n<p style=\"padding-left: 60px;\"><img loading=\"lazy\" decoding=\"async\" class=\"alignnone size-medium wp-image-144\" src=\"https:\/\/cozinox.com\/wp-content\/uploads\/2016\/09\/2CUVES_500L-300x260.jpg\" alt=\"\" width=\"300\" height=\"260\" \/><\/p>\n<ul>\n<li>\u00c9cr\u00e9meuses de 350 \u00e0 5000 l\/h<\/li>\n<\/ul>\n<p style=\"padding-left: 60px;\"><img loading=\"lazy\" decoding=\"async\" class=\" wp-image-112 alignnone\" src=\"https:\/\/cozinox.com\/wp-content\/uploads\/2016\/09\/FJ600_EXPO-180x300.jpg\" alt=\"\" width=\"146\" height=\"243\" srcset=\"https:\/\/cozinox.com\/wp-content\/uploads\/2016\/09\/FJ600_EXPO-180x300.jpg 180w, https:\/\/cozinox.com\/wp-content\/uploads\/2016\/09\/FJ600_EXPO.jpg 465w\" sizes=\"auto, (max-width: 146px) 100vw, 146px\" \/>\u00a0<img loading=\"lazy\" decoding=\"async\" class=\"alignnone wp-image-115\" src=\"https:\/\/cozinox.com\/wp-content\/uploads\/2016\/09\/CN10T-168x300.jpg\" alt=\"\" width=\"137\" height=\"244\" \/>\u00a0<img loading=\"lazy\" decoding=\"async\" class=\"alignnone wp-image-146\" src=\"https:\/\/cozinox.com\/wp-content\/uploads\/2016\/09\/20180921_125244-e1557165975666-300x250.jpg\" alt=\"\" width=\"292\" height=\"243\" srcset=\"https:\/\/cozinox.com\/wp-content\/uploads\/2016\/09\/20180921_125244-e1557165975666-300x250.jpg 300w, https:\/\/cozinox.com\/wp-content\/uploads\/2016\/09\/20180921_125244-e1557165975666.jpg 346w\" sizes=\"auto, (max-width: 292px) 100vw, 292px\" \/><\/p>\n<ul>\n<li>Barattes de 30 l &#8211; 100 l &#8211; 300 l<\/li>\n<\/ul>\n<p style=\"padding-left: 60px;\"><img loading=\"lazy\" decoding=\"async\" class=\"alignnone wp-image-64 \" src=\"https:\/\/cozinox.com\/wp-content\/uploads\/2016\/09\/CZ30_ENS.jpg\" alt=\"cz30_ens\" width=\"345\" height=\"259\" srcset=\"https:\/\/cozinox.com\/wp-content\/uploads\/2016\/09\/CZ30_ENS.jpg 640w, https:\/\/cozinox.com\/wp-content\/uploads\/2016\/09\/CZ30_ENS-300x225.jpg 300w\" sizes=\"auto, (max-width: 345px) 100vw, 345px\" \/> <img loading=\"lazy\" decoding=\"async\" class=\"alignnone wp-image-119\" src=\"https:\/\/cozinox.com\/wp-content\/uploads\/2016\/09\/CZ30020170530_165613-211x300.jpg\" alt=\"\" width=\"181\" height=\"257\" srcset=\"https:\/\/cozinox.com\/wp-content\/uploads\/2016\/09\/CZ30020170530_165613-211x300.jpg 211w, https:\/\/cozinox.com\/wp-content\/uploads\/2016\/09\/CZ30020170530_165613-768x1093.jpg 768w, https:\/\/cozinox.com\/wp-content\/uploads\/2016\/09\/CZ30020170530_165613-719x1024.jpg 719w, https:\/\/cozinox.com\/wp-content\/uploads\/2016\/09\/CZ30020170530_165613.jpg 1507w\" sizes=\"auto, (max-width: 181px) 100vw, 181px\" \/><\/p>\n<ul>\n<li>Presses \u00e0 fromage blanc<\/li>\n<\/ul>\n<p style=\"padding-left: 60px;\"><img loading=\"lazy\" decoding=\"async\" class=\"alignnone wp-image-69\" src=\"https:\/\/cozinox.com\/wp-content\/uploads\/2016\/09\/Presse_fromage_ENS-300x225.jpg\" alt=\"\" width=\"255\" height=\"192\" srcset=\"https:\/\/cozinox.com\/wp-content\/uploads\/2016\/09\/Presse_fromage_ENS-300x225.jpg 300w, https:\/\/cozinox.com\/wp-content\/uploads\/2016\/09\/Presse_fromage_ENS-264x200.jpg 264w, https:\/\/cozinox.com\/wp-content\/uploads\/2016\/09\/Presse_fromage_ENS.jpg 365w\" sizes=\"auto, (max-width: 255px) 100vw, 255px\" \/> <img loading=\"lazy\" decoding=\"async\" class=\"alignnone wp-image-63\" src=\"https:\/\/cozinox.com\/wp-content\/uploads\/2016\/09\/presse_fromage-300x220.jpg\" alt=\"presse_fromage\" width=\"260\" height=\"191\" srcset=\"https:\/\/cozinox.com\/wp-content\/uploads\/2016\/09\/presse_fromage-300x220.jpg 300w, https:\/\/cozinox.com\/wp-content\/uploads\/2016\/09\/presse_fromage-768x564.jpg 768w, https:\/\/cozinox.com\/wp-content\/uploads\/2016\/09\/presse_fromage-1024x751.jpg 1024w, https:\/\/cozinox.com\/wp-content\/uploads\/2016\/09\/presse_fromage.jpg 1300w\" sizes=\"auto, (max-width: 260px) 100vw, 260px\" \/><\/p>\n<ul>\n<li>Presses \u00e0 fromages<\/li>\n<\/ul>\n<p style=\"padding-left: 60px;\"><img loading=\"lazy\" decoding=\"async\" class=\"alignnone wp-image-129 size-medium\" src=\"https:\/\/cozinox.com\/wp-content\/uploads\/2016\/09\/presse20180606_181743-e1557147996893-225x300.jpg\" alt=\"\" width=\"225\" height=\"300\" \/><\/p>\n<ul>\n<li>Bacs d&rsquo;\u00e9gouttage et de caillage sur mesure<\/li>\n<\/ul>\n<p style=\"padding-left: 60px;\">\u00a0<img loading=\"lazy\" decoding=\"async\" class=\"alignnone size-medium wp-image-61\" src=\"https:\/\/cozinox.com\/wp-content\/uploads\/2016\/09\/bac_1-225x300.jpg\" alt=\"\" width=\"225\" height=\"300\" srcset=\"https:\/\/cozinox.com\/wp-content\/uploads\/2016\/09\/bac_1-225x300.jpg 225w, https:\/\/cozinox.com\/wp-content\/uploads\/2016\/09\/bac_1.jpg 240w\" sizes=\"auto, (max-width: 225px) 100vw, 225px\" \/> <img loading=\"lazy\" decoding=\"async\" class=\"alignnone size-medium wp-image-60\" src=\"https:\/\/cozinox.com\/wp-content\/uploads\/2016\/09\/bac_2-225x300.jpg\" alt=\"\" width=\"225\" height=\"300\" srcset=\"https:\/\/cozinox.com\/wp-content\/uploads\/2016\/09\/bac_2-225x300.jpg 225w, https:\/\/cozinox.com\/wp-content\/uploads\/2016\/09\/bac_2.jpg 240w\" sizes=\"auto, (max-width: 225px) 100vw, 225px\" \/> <img loading=\"lazy\" decoding=\"async\" class=\"alignnone size-medium wp-image-116\" src=\"https:\/\/cozinox.com\/wp-content\/uploads\/2016\/09\/BAC_3-e1531392221596-213x300.jpg\" alt=\"\" width=\"213\" height=\"300\" srcset=\"https:\/\/cozinox.com\/wp-content\/uploads\/2016\/09\/BAC_3-e1531392221596-213x300.jpg 213w, https:\/\/cozinox.com\/wp-content\/uploads\/2016\/09\/BAC_3-e1531392221596.jpg 699w\" sizes=\"auto, (max-width: 213px) 100vw, 213px\" \/><\/p>\n<ul>\n<li>Doseuse manuelle<\/li>\n<\/ul>\n<p style=\"padding-left: 60px;\"><img loading=\"lazy\" decoding=\"async\" class=\" wp-image-62 alignleft\" src=\"https:\/\/cozinox.com\/wp-content\/uploads\/2016\/09\/doseuse_manuelle-204x300.jpg\" alt=\"doseuse_manuelle\" width=\"188\" height=\"277\" srcset=\"https:\/\/cozinox.com\/wp-content\/uploads\/2016\/09\/doseuse_manuelle-204x300.jpg 204w, https:\/\/cozinox.com\/wp-content\/uploads\/2016\/09\/doseuse_manuelle.jpg 342w\" sizes=\"auto, (max-width: 188px) 100vw, 188px\" \/><\/p>\n<p>&nbsp;<\/p>\n<p>&nbsp;<\/p>\n<p>&nbsp;<\/p>\n<p>&nbsp;<\/p>\n<p>&nbsp;<\/p>\n<p>&nbsp;<\/p>\n<p>&nbsp;<\/p>\n<ul>\n<li>Remplisseuses de poches <a href=\"http:\/\/www.technibag.com\/fr\/\" target=\"_blank\" rel=\"noopener noreferrer\">TECHNIBAG<\/a><\/li>\n<\/ul>\n<p style=\"padding-left: 60px;\"><img loading=\"lazy\" decoding=\"async\" class=\"wp-image-128 size-medium alignleft\" src=\"https:\/\/cozinox.com\/wp-content\/uploads\/2016\/09\/remplissage_poches-e1557147821288-225x300.jpg\" alt=\"\" width=\"225\" height=\"300\" srcset=\"https:\/\/cozinox.com\/wp-content\/uploads\/2016\/09\/remplissage_poches-e1557147821288-225x300.jpg 225w, https:\/\/cozinox.com\/wp-content\/uploads\/2016\/09\/remplissage_poches-e1557147821288.jpg 300w\" sizes=\"auto, (max-width: 225px) 100vw, 225px\" \/>\u00a0<script>\n  (function(i,s,o,g,r,a,m){i['GoogleAnalyticsObject']=r;i[r]=i[r]||function(){\n  (i[r].q=i[r].q||[]).push(arguments)},i[r].l=1*new Date();a=s.createElement(o),\n  m=s.getElementsByTagName(o)[0];a.async=1;a.src=g;m.parentNode.insertBefore(a,m)\n  })(window,document,'script','https:\/\/www.google-analytics.com\/analytics.js','ga');<\/p>\n<p>  ga('create', 'UA-87335940-1', 'auto');\n  ga('send', 'pageview');<\/p>\n<p><\/script><\/p>\n","protected":false},"excerpt":{"rendered":"<p>COZINOX est depuis plus de 20 ans le partenaire des producteurs laitiers d\u00e9sireux de transformer leur lait \u00e0 la ferme (lait pasteuris\u00e9 en vrac ou en bouteille, cr\u00e8me, beurre, yaourts, fromages frais, entremets) dans une d\u00e9marche de vente directe en circuit court (GMS de proximit\u00e9, artisanat agro-alimentaire, collectivit\u00e9s). COZINOX accompagne ses clients depuis l&rsquo;id\u00e9e de&#8230;<\/p>\n","protected":false},"author":1,"featured_media":0,"parent":0,"menu_order":0,"comment_status":"closed","ping_status":"closed","template":"","meta":{"footnotes":""},"class_list":["post-17","page","type-page","status-publish","hentry"],"aioseo_notices":[],"_links":{"self":[{"href":"https:\/\/cozinox.com\/index.php\/wp-json\/wp\/v2\/pages\/17","targetHints":{"allow":["GET"]}}],"collection":[{"href":"https:\/\/cozinox.com\/index.php\/wp-json\/wp\/v2\/pages"}],"about":[{"href":"https:\/\/cozinox.com\/index.php\/wp-json\/wp\/v2\/types\/page"}],"author":[{"embeddable":true,"href":"https:\/\/cozinox.com\/index.php\/wp-json\/wp\/v2\/users\/1"}],"replies":[{"embeddable":true,"href":"https:\/\/cozinox.com\/index.php\/wp-json\/wp\/v2\/comments?post=17"}],"version-history":[{"count":23,"href":"https:\/\/cozinox.com\/index.php\/wp-json\/wp\/v2\/pages\/17\/revisions"}],"predecessor-version":[{"id":148,"href":"https:\/\/cozinox.com\/index.php\/wp-json\/wp\/v2\/pages\/17\/revisions\/148"}],"wp:attachment":[{"href":"https:\/\/cozinox.com\/index.php\/wp-json\/wp\/v2\/media?parent=17"}],"curies":[{"name":"wp","href":"https:\/\/api.w.org\/{rel}","templated":true}]}}