{"id":14,"date":"2016-09-14T23:39:09","date_gmt":"2016-09-14T21:39:09","guid":{"rendered":"http:\/\/cozinox.com\/?page_id=14"},"modified":"2025-02-28T11:25:47","modified_gmt":"2025-02-28T10:25:47","slug":"accueil","status":"publish","type":"page","link":"https:\/\/cozinox.com\/index.php\/fr\/accueil\/","title":{"rendered":"Accueil"},"content":{"rendered":"<p style=\"text-align: left;\">COZINOX con\u00e7oit, fabrique et commercialise tous types d&rsquo;\u00e9quipements professionnels en acier inoxydable dans les secteurs de l&rsquo;agro-alimentaire, recherche, m\u00e9dical, pharmaceutique, restauration&#8230;<\/p>\n<p style=\"text-align: left;\">Implant\u00e9e \u00e0 Pordic (22) depuis 1980, l&rsquo;entreprise est dot\u00e9e d&rsquo;un bureau d&rsquo;\u00e9tude et d&rsquo;un atelier de chaudronnerie o\u00f9 sont fabriqu\u00e9s nos \u00e9quipements qui sont pr\u00e9sents dans toute la France ainsi qu&rsquo;en Afrique.<\/p>\n<p style=\"text-align: left;\">Apr\u00e8s une \u00e9tude en commun de votre projet, COZINOX vous apporte une solution sur-mesure.<\/p>\n<p style=\"text-align: left;\">Nous assurons \u00e9galement le service apr\u00e8s-vente des \u00e9quipements pour la transformation du lait : \u00e9cr\u00e9meuses, barattes ou pompes&#8230;<\/p>\n<p><script><br \/>\n  (function(i,s,o,g,r,a,m){i['GoogleAnalyticsObject']=r;i[r]=i[r]||function(){<br \/>\n  (i[r].q=i[r].q||[]).push(arguments)},i[r].l=1*new Date();a=s.createElement(o),<br \/>\n  m=s.getElementsByTagName(o)[0];a.async=1;a.src=g;m.parentNode.insertBefore(a,m)<br \/>\n  })(window,document,'script','https:\/\/www.google-analytics.com\/analytics.js','ga');<\/p>\n<p>  ga('create', 'UA-87335940-1', 'auto');<br \/>\n  ga('send', 'pageview');<\/p>\n<p><\/script><\/p>\n<p><span style=\"color: #3366ff;\">Retrouvez nous sur Facebook :<\/span><\/p>\n\n\n<div class=\"wp-block-group is-nowrap is-layout-flex wp-container-core-group-is-layout-ad2f72ca wp-block-group-is-layout-flex\">\n<ul class=\"wp-block-social-links is-layout-flex wp-block-social-links-is-layout-flex\"><li class=\"wp-social-link wp-social-link-facebook  wp-block-social-link\"><a href=\"https:\/\/www.facebook.com\/profile.php?id=100090856365949\" class=\"wp-block-social-link-anchor\"><svg width=\"24\" height=\"24\" viewBox=\"0 0 24 24\" version=\"1.1\" xmlns=\"http:\/\/www.w3.org\/2000\/svg\" aria-hidden=\"true\" focusable=\"false\"><path d=\"M12 2C6.5 2 2 6.5 2 12c0 5 3.7 9.1 8.4 9.9v-7H7.9V12h2.5V9.8c0-2.5 1.5-3.9 3.8-3.9 1.1 0 2.2.2 2.2.2v2.5h-1.3c-1.2 0-1.6.8-1.6 1.6V12h2.8l-.4 2.9h-2.3v7C18.3 21.1 22 17 22 12c0-5.5-4.5-10-10-10z\"><\/path><\/svg><span class=\"wp-block-social-link-label screen-reader-text\">Facebook<\/span><\/a><\/li><\/ul>\n<\/div>\n\n\n\n<p><\/p>\n\n\n\n<p><\/p>\n","protected":false},"excerpt":{"rendered":"<p>COZINOX con\u00e7oit, fabrique et commercialise tous types d&rsquo;\u00e9quipements professionnels en acier inoxydable dans les secteurs de l&rsquo;agro-alimentaire, recherche, m\u00e9dical, pharmaceutique, restauration&#8230; Implant\u00e9e \u00e0 Pordic (22) depuis 1980, l&rsquo;entreprise est dot\u00e9e d&rsquo;un bureau d&rsquo;\u00e9tude et d&rsquo;un atelier de chaudronnerie o\u00f9 sont fabriqu\u00e9s nos \u00e9quipements qui sont pr\u00e9sents dans toute la France ainsi qu&rsquo;en Afrique. Apr\u00e8s une&#8230;<\/p>\n","protected":false},"author":1,"featured_media":0,"parent":0,"menu_order":0,"comment_status":"closed","ping_status":"closed","template":"","meta":{"footnotes":""},"class_list":["post-14","page","type-page","status-publish","hentry"],"aioseo_notices":[],"_links":{"self":[{"href":"https:\/\/cozinox.com\/index.php\/wp-json\/wp\/v2\/pages\/14","targetHints":{"allow":["GET"]}}],"collection":[{"href":"https:\/\/cozinox.com\/index.php\/wp-json\/wp\/v2\/pages"}],"about":[{"href":"https:\/\/cozinox.com\/index.php\/wp-json\/wp\/v2\/types\/page"}],"author":[{"embeddable":true,"href":"https:\/\/cozinox.com\/index.php\/wp-json\/wp\/v2\/users\/1"}],"replies":[{"embeddable":true,"href":"https:\/\/cozinox.com\/index.php\/wp-json\/wp\/v2\/comments?post=14"}],"version-history":[{"count":16,"href":"https:\/\/cozinox.com\/index.php\/wp-json\/wp\/v2\/pages\/14\/revisions"}],"predecessor-version":[{"id":80447,"href":"https:\/\/cozinox.com\/index.php\/wp-json\/wp\/v2\/pages\/14\/revisions\/80447"}],"wp:attachment":[{"href":"https:\/\/cozinox.com\/index.php\/wp-json\/wp\/v2\/media?parent=14"}],"curies":[{"name":"wp","href":"https:\/\/api.w.org\/{rel}","templated":true}]}}